-2220212220
Convert 103244 (base 6) to base 10.
8524
-10201202 (base 4) to base 14
-6a78
11000 (base 6) to base 5
22022
What is 1001100000011101 (base 2) in base 13?
14956
Convert -9a06 (base 13) to base 4.
-11033131
What is -242 (base 10) in base 13?
-158
Convert -1268 (base 10) to base 16.
-4f4
Convert 3232100 (base 5) to base 13.
1c20c
What is -120203 (base 5) in base 9?
-6060
Convert -1320312 (base 5) to base 12.
-132a4
What is -1738 (base 10) in base 5?
-23423
Convert -110100001101010 (base 2) to base 12.
-13576
Convert -20212211 (base 4) to base 6.
-431045
What is 1102122 (base 3) in base 2?
10000010011
Convert 3450 (base 11) to base 9.
6185
What is -1227 (base 11) in base 5?
-22402
What is -10a2 (base 14) in base 8?
-5506
Convert -5d9 (base 15) to base 6.
-10053
Convert -9df (base 16) to base 11.
-1998
-435 (base 15) to base 9
-1265
Convert 10748 (base 9) to base 16.
1c04
What is 111100010 (base 2) in base 16?
1e2
6221 (base 12) to base 13
4b28
-23100002 (base 4) to base 5
-2433312
-182c3 (base 13) to base 5
-2443014
10202 (base 3) to base 12
85
Convert -35153 (base 7) to base 2.
-10001100101101
Convert 10233103 (base 5) to base 6.
1505101
What is d55 (base 14) in base 2?
101000111111
What is 431441 (base 5) in base 13?
6869
-241134 (base 5) to base 12
-51b3
-12601 (base 9) to base 16
-213a
Convert -d554 (base 14) to base 8.
-107566
What is -502302 (base 6) in base 11?
-27689
Convert -621 (base 11) to base 4.
-23231
-78c6 (base 15) to base 14
-9495
Convert -49141 (base 10) to base 11.
-33a14
-1023 (base 5) to base 16
-8a
What is 32050 (base 6) in base 2?
1000011111110
What is -307 (base 9) in base 15?
-11a
What is 10100011010 (base 2) in base 6?
10014
Convert 1001202 (base 3) to base 15.
36b
What is 37b (base 14) in base 12?
4a1
Convert 1101001100 (base 2) to base 14.
444
What is 5b (base 13) in base 8?
114
123 (base 6) to base 7
102
Convert -330 (base 7) to base 3.
-20020
What is -46e (base 16) in base 3?
-1120000
-141525 (base 9) to base 7
-510020
Convert -1664 (base 14) to base 12.
-23a0
What is 341 (base 15) in base 14?
3a8
What is 16e (base 16) in base 2?
101101110
Convert 322012 (base 5) to base 11.
81a3
What is -1100110001001 (base 2) in base 4?
-1212021
Convert 132a (base 14) to base 5.
101440
Convert 135 (base 9) to base 7.
221
-38770 (base 9) to base 14
-9757
Convert -1001110000110 (base 2) to base 13.
-2376
-7526 (base 11) to base 6
-114022
Convert 1200111102 (base 3) to base 8.
100617
What is 31001 (base 5) in base 16?
7d1
What is 1527 (base 8) in base 9?
1150
Convert -1011100010 (base 2) to base 3.
-1000100
-6cb (base 13) to base 5
-14211
Convert -b56 (base 13) to base 7.
-5425
What is 3122010 (base 5) in base 10?
51505
Convert ab9 (base 15) to base 7.
10032
What is 664 (base 12) in base 6?
4204
Convert -215a (base 11) to base 4.
-230200
-256 (base 13) to base 4
-12121
What is 52663 (base 8) in base 2?
101010110110011
What is fd (base 16) in base 7?
511
Convert -a441 (base 11) to base 13.
-63b7
What is 14714 (base 8) in base 2?
1100111001100
What is -10222000 (base 3) in base 6?
-21213
-198 (base 13) to base 6
-1210
Convert -11000001 (base 2) to base 10.
-193
What is -58 (base 13) in base 4?
-1021
What is 30244 (base 6) in base 7?
14425
Convert 3c0 (base 16) to base 10.
960
13354 (base 6) to base 4
200212
-c1c (base 14) to base 5
-34003
What is -19a8 (base 14) in base 4?
-1020300
1b09 (base 16) to base 6
52013
106210 (base 7) to base 14
6cb0
3136 (base 10) to base 6
22304
-1151 (base 13) to base 3
-10100002
Convert -300232 (base 4) to base 2.
-110000101110
Convert 111010011 (base 2) to base 5.
3332
Convert -28659 (base 12) to base 16.
-dba5
-2664 (base 7) to base 9
-1360
Convert -2000123 (base 5) to base 10.
-31288
-36163 (base 7) to base 8
-22213
Convert 42454 (base 7) to base 6.
120421
What is 11155 (base 7) in base 8?
5421
-331330 (base 5) to base 16
-2cc9
-90d (base 16) to base 6
-14421
What is 23605 (base 7) in base 14?
233c
What is 100011110110 (base 2) in base 10?
2294
-122140 (base 6) to base 2
-10101001101100
Convert 110001011 (base 2) to base 16.
18b
What is -302 (base 12) in base 11?
-365
1119 (base 16) to base 13
1cb9
4d6 (base 16) to base 13
743
What is -405 (base 14) in base 10?
-789
-555 (base 13) to base 12
-643
What is 20610 (base 11) in base 12?
15457
-1241 (base 5) to base 10
-196
1403 (base 5) to base 6
1020
-1110110100011 (base 2) to base 14
-2a9d
b1 (base 16) to base 10
177
-30b8 (base 13) to base 2
-1101001010110
What is -100001111000010 (base 2) in base 15?
-5216
Convert -7627 (base 8) to base 13.
-1a80
Convert -221000 (base 4) to base 9.
-3535
What is -2a4 (base 11) in base 2?
-101100100
-607 (base 8) to base 7
-1066
What is -1443124 (base 5) in base 11?
-21358
What is -101000111111011 (base 2) in base 10?
-20987
Convert 17348 (base 9) to base 5.
340301
110001100 (base 2) to base 15
1b6
Convert 12012 (base 4) to base 15.
1b0
What is -211122 (base 3) in base 5?
-4421
Convert -4212 (base 13) to base 12.
-5359
Convert -1ac5 (base 13) to base 14.
-1692
Convert 277 (base 11) to base 3.
110002
Convert -16f0 (base 16) to base 10.
-5872
Convert 10100 (base 5) to base 4.
22022
Convert -108 (base 11) to base 15.
-89
What is 14714 (base 8) in base 4?
1213030
What is 101222111 (base 3) in base 2?
1111101000101
-1220 (base 16) to base 11
-3539
What is 632 (base 10) in base 11?
525
-bb1 (base 15) to base 5
-41031
What is 71bd (base 14) in base 9?
28755
Convert -6005 (base 8) to base 3.
-11012222
c0 (base 15) to base 5
1210
Convert 1524 (base 6) to base 4.
12130
Convert 21224 (base 5) to base 8.
2637
What is 1013 (base 5) in base 4?
2011
114 (base 9) to base 13
73
100222 (base 3) to base 14
153
Convert 31863 (base 9) to base 12.
10279
212021200 (base 3) to base 11
11831
Convert -545 (base 10) to base 16.
-221
What is 2306 (base 7) in base 2?
1101000111
Convert -1327 (base 15) to base 12.
-2447
-31001 (base 4) to base 11
-698
10101010010 (base 2) to base 6
10150
12ac (base 14) to base 11
251a
What is 2021100 (base 4) in base 16?
2250
-10111001011 (base 2) to base 9
-2027
What is 9a32 (base 11) in base 5?
410344
Convert 880 (base 14) to base 8.
3220
What is 27c (base 16) in base 3?
212120
Convert 1620 (base 12) to base 11.
1a69
What is -1146 (base 13) in base 2?
-100101111000
What is 1010101011 (base 2) in base 15?
308
Convert -3523 (base 11) to base 6.
-33223
Convert 584 (base 16) to base 7.
4055
Convert -4430 (base 6) to base 10.
-1026
Convert 4ca (base 15) to base 16.
442
Convert 12010101 (base 3) to base 10.
3736
What is -2659a (base 12) in base 5?
-3141203
Convert 2244 (base 11) to base 8.
5610
Convert -977 (base 10) to base 5.
-12402
Convert -1114 (base 8) to base 11.
-495
What is 22202122 (base 4) in base 11?
2a479
Convert 1003 (base 10) to base 12.
6b7
What is -11313310 (base 4) in base 7?
-130060
8014 (base 16) to base 4
20000110
1342 (base 11) to base 5
23430
What is b5d (base 15) in base 10?
2563
-200727 (base 8) to base 13
-24076
-12134 (base 7) to base 14
-121b
Convert 122320 (base 4) to base 16.
6b8
Convert -585 (base 16) to base 4.
-112011
Convert -8e7 (base 16) to base 15.
-a1e
Convert -21202331 (base 4) to base 7.
-221666
What is -4013 (base 6) in base 4?
-31221
Convert 7075 (base 8) to base 7.
13425
Convert -10d (base 15) to base 7.
-460
Convert -3a8 (base 14) to base 9.
-1007
Convert -1000010001 (base 2) to base 12.
-381
Convert 44b (base 12) to base 7.
1565
Convert 13303 (base 7) to base 11.
2765
Convert -a798 (base 13) to base 15.
-6d6d
What is 212300 (base 4) in base 9?
3355
Convert 118b6 (base 12) to base 15.
7089
Convert 69a (base 12) to base 15.
457
Convert 1a7 (base 14) to base 16.
157
Convert 579 (base 14) to base 11.
8a9
355 (base 15) to base 9
1028
-152 (base 8) to base 10
-106
18cc (base 16) to base 6
45220
114130 (base 7) to base 14
7750
Convert 1220002 (base 3) to base 15.
61e
What is 236 (base 11) in base 10?
281
Convert -4378 (base 13) to base 7.
-36250
What is -9b (base 14) in base 7?
-254
-44163 (base 7) to base 15
-3430
What is 1221 (base 5) in base 9?
226
What is 1531 (base 6) in base 13?
25c
30123203 (base 4) to base 10
50915
104365 (base 8) to base 15
a5c6
Convert -24333 (base 5) to base 14.
-959
Convert 33103 (base 4) to base 15.
454
Convert 2220101 (base 3) to base 15.
